{"id":353,"date":"2020-04-19T11:48:50","date_gmt":"2020-04-19T11:48:50","guid":{"rendered":"https:\/\/www.hipnocentro.com\/?page_id=353"},"modified":"2022-10-16T17:38:11","modified_gmt":"2022-10-16T17:38:11","slug":"no-es-una-dieta","status":"publish","type":"page","link":"https:\/\/hipnocentro.com\/2020\/no-es-una-dieta\/","title":{"rendered":"No es una dieta"},"content":{"rendered":"\n[et_pb_section fb_built=\u00bb1&#8243; _builder_version=\u00bb4.4.5&#8243; hover_enabled=\u00bb0&#8243; animation_style=\u00bbfade\u00bb][et_pb_row column_structure=\u00bb3_4,1_4&#8243; _builder_version=\u00bb4.3.1&#8243;][et_pb_column type=\u00bb3_4&#8243; _builder_version=\u00bb4.3.1&#8243;][et_pb_text _builder_version=\u00bb4.4.3&#8243; custom_padding=\u00bb|0px||0px|false|true\u00bb custom_padding_tablet=\u00bb|0px||0px|false|true\u00bb custom_padding_phone=\u00bb|0px||0px|false|true\u00bb custom_padding_last_edited=\u00bbon|desktop\u00bb]<h3>LA BANDA GASTRICA INTEGRATIVA\u00ae NO ES UNA DIETA<\/h3>[\/et_pb_text][et_pb_text _builder_version=\u00bb4.4.3&#8243; header_5_text_color=\u00bb#5d5ba0&#8243; header_6_font=\u00bb||on||||||\u00bb header_6_text_color=\u00bb#ff9818&#8243; custom_padding=\u00bb|20px|||false|false\u00bb custom_padding_tablet=\u00bb|0px|||false|false\u00bb custom_padding_phone=\u00bb|0px|||false|false\u00bb custom_padding_last_edited=\u00bbon|desktop\u00bb]<p style=\"text-align: left; margin-left: 20px;\">\nPor la poca informaci\u00f3n que el p\u00fablico en general suele tener sobre el m\u00e9todo hipn\u00f3tico, frecuentemente es considerado como algo m\u00e1gico. Sin embargo, es una t\u00e9cnica practicada por profesionales sanitarios (m\u00e9dicos, psic\u00f3logos, psiquiatras&#8230;), cada vez est\u00e1 m\u00e1s generalizada y se practica m\u00e1s.<\/p>\n<p style=\"text-align: left; margin-left: 20px;\">\nAunque todo esto suena realmente bien, no est\u00e1 garantizado. Del mismo modo, los m\u00e9dicos no pueden garantizar nada, pero este programa est\u00e1 demostrando ser muy exitoso.<\/p>\n<p style=\"text-align: left; margin-left: 20px;\">\nAdelgazar con la ayuda de la hipnosis no se puede considerar un tratamiento milagroso, no perderemos peso por arte de magia, pero seremos capaces de ir reduci\u00e9ndolo a un ritmo normal y saludable y de una manera f\u00e1cil, y sin sufrimientos.\nSe trata de conseguir comer de forma saludable, sin ansiedad ni molestias, aportando a nuestro organismo los nutrientes necesarios para nuestro d\u00eda a d\u00eda y manteni\u00e9ndonos en el peso deseado.<\/p>\n<p style=\"text-align: left; margin-left: 20px;\">\nPor lo general, las dietas nos proh\u00edben comer cierto tipo de alimentos, como dulces y grasas. Al convertirse en \u201calimentos prohibidos\u201d, lo \u00fanico que conseguimos es obsesionarnos con ellos, nos creamos una necesidad que en realidad no tenemos. Esto nos produce ansiedad y, muchas veces, acabamos por rendirnos. Finalmente, perderemos la motivaci\u00f3n y los objetivos. Con ayuda de la hipnosis esto no suceder\u00e1, ya que ni sufres ansiedad ni perder\u00e1s la motivaci\u00f3n, no perder\u00e1s el entusiasmo del primer d\u00eda.<\/p>\n<p style=\"text-align: left; margin-left: 20px;\">\nUna vez que hemos alcanzado nuestro peso ideal, la tarea de mantenernos en \u00e9l, a veces puede resultar algo dura. Aunque perder peso mediante hipnosis no es dif\u00edcil, por eso a veces puede ser necesario un mantenimiento. Esas sesiones de mantenimiento ser\u00e1n las que nos ayuden a mantenernos en nuestro peso ideal, eliminando el \u201cefecto yo-yo\u201d de muchas dietas.<\/p>\n<p style=\"text-align: left; margin-left: 20px;\">\nEs importante recordar que nuestra alimentaci\u00f3n siempre deber\u00e1 ser equilibrada y saludable para que nos aporte todos los nutrientes necesarios para estar saludables, sin que por ello nuestro peso se vea alterado.\n<\/p>[\/et_pb_text][\/et_pb_column][et_pb_column type=\u00bb1_4&#8243; _builder_version=\u00bb4.3.1&#8243;][et_pb_button button_text=\u00bbReservas\u00bb _builder_version=\u00bb4.4.5&#8243; button_alignment=\u00bbleft\u00bb custom_button=\u00bbon\u00bb button_text_size=\u00bb34px\u00bb button_bg_color=\u00bb#5d5ba0&#8243; button_bg_enable_color=\u00bbon\u00bb button_text_color=\u00bb#fab865&#8243; button_url=\u00bbhttps:\/\/www.hipnocentro.com\/#reservas\u00bb hover_enabled=\u00bb0&#8243; locked=\u00bboff\u00bb button_text_size_last_edited=\u00bbon|phone\u00bb button_text_size_phone=\u00bb62px\u00bb button_text_size_tablet=\u00bb99px\u00bb][\/et_pb_button][et_pb_sidebar area=\u00bbsidebar-6&#8243; _builder_version=\u00bb4.3.1&#8243;][\/et_pb_sidebar][\/et_pb_column][\/et_pb_row][\/et_pb_section]\n","protected":false},"excerpt":{"rendered":"<p>LA BANDA GASTRICA INTEGRATIVA\u00ae NO ES UNA DIETA Por la poca informaci\u00f3n que el p\u00fablico en general suele tener sobre el m\u00e9todo hipn\u00f3tico, frecuentemente es considerado como algo m\u00e1gico. Sin embargo, es una t\u00e9cnica practicada por profesionales sanitarios (m\u00e9dicos, psic\u00f3logos, psiquiatras&#8230;), cada vez est\u00e1 m\u00e1s generalizada y se practica m\u00e1s. Aunque todo esto suena realmente [&hellip;]<\/p>\n","protected":false},"author":6,"featured_media":0,"parent":0,"menu_order":0,"comment_status":"closed","ping_status":"closed","template":"","meta":{"_et_pb_use_builder":"on","_et_pb_old_content":"<!-- wp:divi\/placeholder \/-->","_et_gb_content_width":"","footnotes":""},"yoast_head":"<!-- This site is optimized with the Yoast SEO plugin v20.6 - https:\/\/yoast.com\/wordpress\/plugins\/seo\/ -->\n<title>No es una dieta - HIPNOCENTRO<\/title>\n<meta name=\"robots\" content=\"noindex, nofollow\" \/>\n<meta property=\"og:locale\" content=\"es_ES\" \/>\n<meta property=\"og:type\" content=\"article\" \/>\n<meta property=\"og:title\" content=\"No es una dieta - HIPNOCENTRO\" \/>\n<meta property=\"og:description\" content=\"LA BANDA GASTRICA INTEGRATIVA\u00ae NO ES UNA DIETA Por la poca informaci\u00f3n que el p\u00fablico en general suele tener sobre el m\u00e9todo hipn\u00f3tico, frecuentemente es considerado como algo m\u00e1gico. Sin embargo, es una t\u00e9cnica practicada por profesionales sanitarios (m\u00e9dicos, psic\u00f3logos, psiquiatras...), cada vez est\u00e1 m\u00e1s generalizada y se practica m\u00e1s. Aunque todo esto suena realmente [&hellip;]\" \/>\n<meta property=\"og:url\" content=\"https:\/\/hipnocentro.com\/2020\/no-es-una-dieta\/\" \/>\n<meta property=\"og:site_name\" content=\"HIPNOCENTRO\" \/>\n<meta property=\"article:modified_time\" content=\"2022-10-16T17:38:11+00:00\" \/>\n<meta name=\"twitter:card\" content=\"summary_large_image\" \/>\n<meta name=\"twitter:label1\" content=\"Tiempo de lectura\" \/>\n\t<meta name=\"twitter:data1\" content=\"2 minutos\" \/>\n<script type=\"application\/ld+json\" class=\"yoast-schema-graph\">{\"@context\":\"https:\/\/schema.org\",\"@graph\":[{\"@type\":\"WebPage\",\"@id\":\"https:\/\/hipnocentro.com\/2020\/no-es-una-dieta\/\",\"url\":\"https:\/\/hipnocentro.com\/2020\/no-es-una-dieta\/\",\"name\":\"No es una dieta - HIPNOCENTRO\",\"isPartOf\":{\"@id\":\"https:\/\/hipnocentro.com\/2020\/#website\"},\"datePublished\":\"2020-04-19T11:48:50+00:00\",\"dateModified\":\"2022-10-16T17:38:11+00:00\",\"breadcrumb\":{\"@id\":\"https:\/\/hipnocentro.com\/2020\/no-es-una-dieta\/#breadcrumb\"},\"inLanguage\":\"es\",\"potentialAction\":[{\"@type\":\"ReadAction\",\"target\":[\"https:\/\/hipnocentro.com\/2020\/no-es-una-dieta\/\"]}]},{\"@type\":\"BreadcrumbList\",\"@id\":\"https:\/\/hipnocentro.com\/2020\/no-es-una-dieta\/#breadcrumb\",\"itemListElement\":[{\"@type\":\"ListItem\",\"position\":1,\"name\":\"Portada\",\"item\":\"https:\/\/hipnocentro.com\/2020\/\"},{\"@type\":\"ListItem\",\"position\":2,\"name\":\"No es una dieta\"}]},{\"@type\":\"WebSite\",\"@id\":\"https:\/\/hipnocentro.com\/2020\/#website\",\"url\":\"https:\/\/hipnocentro.com\/2020\/\",\"name\":\"HIPNOCENTRO\",\"description\":\"Centro de Hipn&oacute;sis Profesional y An&aacute;lisis Transaccional\",\"publisher\":{\"@id\":\"https:\/\/hipnocentro.com\/2020\/#organization\"},\"potentialAction\":[{\"@type\":\"SearchAction\",\"target\":{\"@type\":\"EntryPoint\",\"urlTemplate\":\"https:\/\/hipnocentro.com\/2020\/?s={search_term_string}\"},\"query-input\":\"required name=search_term_string\"}],\"inLanguage\":\"es\"},{\"@type\":\"Organization\",\"@id\":\"https:\/\/hipnocentro.com\/2020\/#organization\",\"name\":\"HIPNOCENTRO\",\"url\":\"https:\/\/hipnocentro.com\/2020\/\",\"logo\":{\"@type\":\"ImageObject\",\"inLanguage\":\"es\",\"@id\":\"https:\/\/hipnocentro.com\/2020\/#\/schema\/logo\/image\/\",\"url\":\"https:\/\/hipnocentro.com\/2020\/wp-content\/uploads\/2022\/10\/Logo-corto-Hipnocentro.jpg\",\"contentUrl\":\"https:\/\/hipnocentro.com\/2020\/wp-content\/uploads\/2022\/10\/Logo-corto-Hipnocentro.jpg\",\"width\":856,\"height\":192,\"caption\":\"HIPNOCENTRO\"},\"image\":{\"@id\":\"https:\/\/hipnocentro.com\/2020\/#\/schema\/logo\/image\/\"}}]}<\/script>\n<!-- \/ Yoast SEO plugin. -->","yoast_head_json":{"title":"No es una dieta - HIPNOCENTRO","robots":{"index":"noindex","follow":"nofollow"},"og_locale":"es_ES","og_type":"article","og_title":"No es una dieta - HIPNOCENTRO","og_description":"LA BANDA GASTRICA INTEGRATIVA\u00ae NO ES UNA DIETA Por la poca informaci\u00f3n que el p\u00fablico en general suele tener sobre el m\u00e9todo hipn\u00f3tico, frecuentemente es considerado como algo m\u00e1gico. Sin embargo, es una t\u00e9cnica practicada por profesionales sanitarios (m\u00e9dicos, psic\u00f3logos, psiquiatras...), cada vez est\u00e1 m\u00e1s generalizada y se practica m\u00e1s. Aunque todo esto suena realmente [&hellip;]","og_url":"https:\/\/hipnocentro.com\/2020\/no-es-una-dieta\/","og_site_name":"HIPNOCENTRO","article_modified_time":"2022-10-16T17:38:11+00:00","twitter_card":"summary_large_image","twitter_misc":{"Tiempo de lectura":"2 minutos"},"schema":{"@context":"https:\/\/schema.org","@graph":[{"@type":"WebPage","@id":"https:\/\/hipnocentro.com\/2020\/no-es-una-dieta\/","url":"https:\/\/hipnocentro.com\/2020\/no-es-una-dieta\/","name":"No es una dieta - HIPNOCENTRO","isPartOf":{"@id":"https:\/\/hipnocentro.com\/2020\/#website"},"datePublished":"2020-04-19T11:48:50+00:00","dateModified":"2022-10-16T17:38:11+00:00","breadcrumb":{"@id":"https:\/\/hipnocentro.com\/2020\/no-es-una-dieta\/#breadcrumb"},"inLanguage":"es","potentialAction":[{"@type":"ReadAction","target":["https:\/\/hipnocentro.com\/2020\/no-es-una-dieta\/"]}]},{"@type":"BreadcrumbList","@id":"https:\/\/hipnocentro.com\/2020\/no-es-una-dieta\/#breadcrumb","itemListElement":[{"@type":"ListItem","position":1,"name":"Portada","item":"https:\/\/hipnocentro.com\/2020\/"},{"@type":"ListItem","position":2,"name":"No es una dieta"}]},{"@type":"WebSite","@id":"https:\/\/hipnocentro.com\/2020\/#website","url":"https:\/\/hipnocentro.com\/2020\/","name":"HIPNOCENTRO","description":"Centro de Hipn&oacute;sis Profesional y An&aacute;lisis Transaccional","publisher":{"@id":"https:\/\/hipnocentro.com\/2020\/#organization"},"potentialAction":[{"@type":"SearchAction","target":{"@type":"EntryPoint","urlTemplate":"https:\/\/hipnocentro.com\/2020\/?s={search_term_string}"},"query-input":"required name=search_term_string"}],"inLanguage":"es"},{"@type":"Organization","@id":"https:\/\/hipnocentro.com\/2020\/#organization","name":"HIPNOCENTRO","url":"https:\/\/hipnocentro.com\/2020\/","logo":{"@type":"ImageObject","inLanguage":"es","@id":"https:\/\/hipnocentro.com\/2020\/#\/schema\/logo\/image\/","url":"https:\/\/hipnocentro.com\/2020\/wp-content\/uploads\/2022\/10\/Logo-corto-Hipnocentro.jpg","contentUrl":"https:\/\/hipnocentro.com\/2020\/wp-content\/uploads\/2022\/10\/Logo-corto-Hipnocentro.jpg","width":856,"height":192,"caption":"HIPNOCENTRO"},"image":{"@id":"https:\/\/hipnocentro.com\/2020\/#\/schema\/logo\/image\/"}}]}},"_links":{"self":[{"href":"https:\/\/hipnocentro.com\/2020\/wp-json\/wp\/v2\/pages\/353"}],"collection":[{"href":"https:\/\/hipnocentro.com\/2020\/wp-json\/wp\/v2\/pages"}],"about":[{"href":"https:\/\/hipnocentro.com\/2020\/wp-json\/wp\/v2\/types\/page"}],"author":[{"embeddable":true,"href":"https:\/\/hipnocentro.com\/2020\/wp-json\/wp\/v2\/users\/6"}],"replies":[{"embeddable":true,"href":"https:\/\/hipnocentro.com\/2020\/wp-json\/wp\/v2\/comments?post=353"}],"version-history":[{"count":4,"href":"https:\/\/hipnocentro.com\/2020\/wp-json\/wp\/v2\/pages\/353\/revisions"}],"predecessor-version":[{"id":1183,"href":"https:\/\/hipnocentro.com\/2020\/wp-json\/wp\/v2\/pages\/353\/revisions\/1183"}],"wp:attachment":[{"href":"https:\/\/hipnocentro.com\/2020\/wp-json\/wp\/v2\/media?parent=353"}],"curies":[{"name":"wp","href":"https:\/\/api.w.org\/{rel}","templated":true}]}}