{"id":72,"date":"2020-02-06T12:17:05","date_gmt":"2020-02-06T12:17:05","guid":{"rendered":"https:\/\/hipnocentro.com\/2020\/?page_id=72"},"modified":"2022-10-28T07:58:02","modified_gmt":"2022-10-28T07:58:02","slug":"abordajes-posibles","status":"publish","type":"page","link":"https:\/\/hipnocentro.com\/2020\/abordajes-posibles\/","title":{"rendered":"Abordajes posibles"},"content":{"rendered":"\n\n[et_pb_section fb_built=\u00bb1&#8243; _builder_version=\u00bb4.16&#8243; global_colors_info=\u00bb{}\u00bb][et_pb_row _builder_version=\u00bb4.16&#8243; global_colors_info=\u00bb{}\u00bb][et_pb_column type=\u00bb4_4&#8243; _builder_version=\u00bb4.16&#8243; global_colors_info=\u00bb{}\u00bb][et_pb_text _builder_version=\u00bb4.16&#8243; custom_padding=\u00bb|52px||52px|false|true\u00bb custom_padding_tablet=\u00bb|13px||13px|false|true\u00bb custom_padding_phone=\u00bb|0px||0px|false|true\u00bb custom_padding_last_edited=\u00bbon|tablet\u00bb global_colors_info=\u00bb{}\u00bb]<div class=\"row-fluid\">\n<div class=\"span12\">\n<div class=\"row-fluid\">\n<div class=\"span12\">\n<div class=\"row-fluid\">\n<div class=\"span12\">\n<h1 class=\"title\">ABORDAJES POSIBLES<\/h1>\n<\/div>\n<\/div>\n<div class=\"row-fluid\">\n<div class=\"span12 first-module module_cont module_normal_padding module_text_area\">\n<div class=\"module_content\">\n<p>Es ya muy conocido que <strong>se pueden abordar con hipnosis profesional todas aquellas distorsiones que no sean v\u00edricas o gen\u00e9ticas en su origen<\/strong>, tampoco las malformaciones cong\u00e9nitas o accidentales por lesi\u00f3n que afecten\u00a0a la conducta como consecuencia directa.<\/p>\n<p>Durante el estado de <strong>atenci\u00f3n focalizada, concentraci\u00f3n total o hipnosis terap\u00e9utica<\/strong>, utilizamos las terapias alternativas que han demostrado ser las m\u00e1s eficaces para la eliminaci\u00f3n de conflictos ps\u00edquicos de forma efectiva y duradera.<\/p>\n<p>Las t\u00e9cnicas cognitivo-conductuales, la reestructuraci\u00f3n cognitiva, los cambios de enfoque del problema, reencuadres y actuaciones conductuales favorecen la <strong>superaci\u00f3n de miedos, trastornos psicol\u00f3gicos y eliminaci\u00f3n total de barreras mentales<\/strong>. Tambi\u00e9n se utilizan para superar un divorcio, superar la depresi\u00f3n, eliminar y solucionar el estr\u00e9s.<\/p>\n<p>Para \u2018desengancharse\u2019 definitivamente de dependencias, trastornos obsesivos y compulsivos, la desensibilizaci\u00f3n sistem\u00e1tica. La Hipnosis es una t\u00e9cnica efectiva para la superaci\u00f3n del duelo por p\u00e9rdida de pareja y divorcios. Tambi\u00e9n es <strong>muy efectiva como t\u00e9cnica en casos de mobbing o acoso laboral<\/strong>.<\/p>\n<p>La inhibici\u00f3n rec\u00edproca, se utiliza en tratamientos y terapia alternativa para la ansiedad, insomnio, para dejar de fumar, solucionar<br \/>el estr\u00e9s, superar un divorcio, eliminar dolores de cabeza, etc.<\/p>\n<p>Todas las intervenciones las completamos con refuerzos positivos y con refuerzos negativos, que son la ayuda definitiva para motivar a los clientes en terapia alternativas o dietas para perder peso y elevar la autoestima.<br \/>Ejercicios aversivos, para eliminar conductas que no son saludables o que han sido aprendidas como \u2018buenas\u2019 anteriormente, como tratamiento y terapia alternativa para adicciones, (al tabaco, al alcohol, al juego, etc.).<\/p>\n<p>Siempre <strong>enfocamos los abordamientos desde el aumento de la autoestima, el autocontrol y tambi\u00e9n el auto-concepto<\/strong>, ya que son b\u00e1sicos para superar de forma definitiva todos los problemas. Utilizamos la Hipnosis como t\u00e9cnica para superar la ansiedad, tratamientos para los miedos y fobias.<\/p>\n<p>Los ejercicios sist\u00e9micos cambian el foco de la intensidad de la patolog\u00eda del cliente. Los utilizamos <strong>para las depresiones, tristezas,<\/strong><br \/><strong>trastornos de la alimentaci\u00f3n<\/strong>, siendo una ayuda r\u00e1pida y sencilla para superarlos definitivamente. Este abordaje alternativo natural se aplica en tratamientos para superar la anorexia, superar la bulimia, superar la depresi\u00f3n. Tambi\u00e9n son muy efectivos <strong>para superar los complejos<\/strong>.<\/p>\n<p>Para las somatizaciones, enfermedades que tienen su origen en conflictos psicol\u00f3gicos, siempre <strong>utilizamos t\u00e9cnicas de Cou\u00e9<\/strong> (herramienta neurobiol\u00f3gica que sirve para coadyuvar las anteriores t\u00e9cnicas) ya que el inconsciente administra la energ\u00eda qu\u00e9 \u00f3rganos y \u00e1reas comprometidas<span style=\"font-size: 15px;\">. De esta forma, sus efectos no solo suman sino que se multiplican, como en los tratamientos para superar los dolores cr\u00f3nicos.\u00a0<\/span><\/p>\n<p>Los potenciadores y filtros nos sirven para que los clientes lleguen al <strong>estado de hipnosis de forma placentera y progresiva<\/strong>. Los ejercicios de anestesiolog\u00eda, los utilizamos para eliminar dolores cr\u00f3nicos y tambi\u00e9n para ense\u00f1ar a los clientes a <strong>controlar el dolor y eliminarlos<\/strong><br \/><strong>definitivamente<\/strong>.<\/p>\n<p><strong>Todos los clientes, en proceso de superaci\u00f3n de sus conflictos psicol\u00f3gicos, necesitan una ayuda para reducir su ansiedad<\/strong>. Para esto les ense\u00f1amos a componer su propia inhibici\u00f3n rec\u00edproca, que elimina de ra\u00edz cualquier aumento de esta molesta ansiedad.<\/p>\n<\/div>\n<\/div>\n<\/div>\n<\/div>\n<\/div>\n<\/div>\n<\/div>[\/et_pb_text][\/et_pb_column][\/et_pb_row][\/et_pb_section][et_pb_section fb_built=\u00bb1&#8243; fullwidth=\u00bbon\u00bb theme_builder_area=\u00bbpost_content\u00bb _builder_version=\u00bb4.18.0&#8243; _module_preset=\u00bbdefault\u00bb][et_pb_fullwidth_image src=\u00bbhttps:\/\/hipnocentro.com\/2020\/wp-content\/uploads\/2020\/05\/manos.jpg\u00bb _builder_version=\u00bb4.18.0&#8243; _module_preset=\u00bbdefault\u00bb theme_builder_area=\u00bbpost_content\u00bb hover_enabled=\u00bb0&#8243; sticky_enabled=\u00bb0&#8243; alt=\u00bbHipnosis dejar de fumar Hipnocentro\u00bb title_text=\u00bbmanos\u00bb][\/et_pb_fullwidth_image][\/et_pb_section]\n\n","protected":false},"excerpt":{"rendered":"<p>ABORDAJES POSIBLES Es ya muy conocido que se pueden abordar con hipnosis profesional todas aquellas distorsiones que no sean v\u00edricas o gen\u00e9ticas en su origen, tampoco las malformaciones cong\u00e9nitas o accidentales por lesi\u00f3n que afecten\u00a0a la conducta como consecuencia directa. Durante el estado de atenci\u00f3n focalizada, concentraci\u00f3n total o hipnosis terap\u00e9utica, utilizamos las terapias alternativas [&hellip;]<\/p>\n","protected":false},"author":6,"featured_media":1257,"parent":0,"menu_order":0,"comment_status":"closed","ping_status":"closed","template":"","meta":{"_et_pb_use_builder":"on","_et_pb_old_content":"<!-- wp:divi\/placeholder \/-->","_et_gb_content_width":"","footnotes":""},"yoast_head":"<!-- This site is optimized with the Yoast SEO plugin v20.6 - https:\/\/yoast.com\/wordpress\/plugins\/seo\/ -->\n<title>Abordajes posibles - HIPNOCENTRO -Adelgazar y Dejar de Fumar<\/title>\n<meta name=\"description\" content=\"En Hipnocentro utilizamos t\u00e9cnicas efectivas de Hipnosis para Dejar de Fumar y Adelgazar. Seminarios por toda Espa\u00f1a. Reserva tu d\u00eda!!\" \/>\n<meta name=\"robots\" content=\"index, follow, max-snippet:-1, max-image-preview:large, max-video-preview:-1\" \/>\n<link rel=\"canonical\" href=\"https:\/\/hipnocentro.com\/2020\/abordajes-posibles\/\" \/>\n<meta property=\"og:locale\" content=\"es_ES\" \/>\n<meta property=\"og:type\" content=\"article\" \/>\n<meta property=\"og:title\" content=\"Abordajes posibles - HIPNOCENTRO -Adelgazar y Dejar de Fumar\" \/>\n<meta property=\"og:description\" content=\"En Hipnocentro utilizamos t\u00e9cnicas efectivas de Hipnosis para Dejar de Fumar y Adelgazar. Seminarios por toda Espa\u00f1a. Reserva tu d\u00eda!!\" \/>\n<meta property=\"og:url\" content=\"https:\/\/hipnocentro.com\/2020\/abordajes-posibles\/\" \/>\n<meta property=\"og:site_name\" content=\"HIPNOCENTRO\" \/>\n<meta property=\"article:modified_time\" content=\"2022-10-28T07:58:02+00:00\" \/>\n<meta property=\"og:image\" content=\"https:\/\/hipnocentro.com\/2020\/wp-content\/uploads\/2022\/10\/logo-HIPNOCENTRO.png\" \/>\n\t<meta property=\"og:image:width\" content=\"1821\" \/>\n\t<meta property=\"og:image:height\" content=\"375\" \/>\n\t<meta property=\"og:image:type\" content=\"image\/png\" \/>\n<meta name=\"twitter:card\" content=\"summary_large_image\" \/>\n<meta name=\"twitter:label1\" content=\"Tiempo de lectura\" \/>\n\t<meta name=\"twitter:data1\" content=\"3 minutos\" \/>\n<script type=\"application\/ld+json\" class=\"yoast-schema-graph\">{\"@context\":\"https:\/\/schema.org\",\"@graph\":[{\"@type\":\"WebPage\",\"@id\":\"https:\/\/hipnocentro.com\/2020\/abordajes-posibles\/\",\"url\":\"https:\/\/hipnocentro.com\/2020\/abordajes-posibles\/\",\"name\":\"Abordajes posibles - HIPNOCENTRO -Adelgazar y Dejar de Fumar\",\"isPartOf\":{\"@id\":\"https:\/\/hipnocentro.com\/2020\/#website\"},\"datePublished\":\"2020-02-06T12:17:05+00:00\",\"dateModified\":\"2022-10-28T07:58:02+00:00\",\"description\":\"En Hipnocentro utilizamos t\u00e9cnicas efectivas de Hipnosis para Dejar de Fumar y Adelgazar. Seminarios por toda Espa\u00f1a. Reserva tu d\u00eda!!\",\"breadcrumb\":{\"@id\":\"https:\/\/hipnocentro.com\/2020\/abordajes-posibles\/#breadcrumb\"},\"inLanguage\":\"es\",\"potentialAction\":[{\"@type\":\"ReadAction\",\"target\":[\"https:\/\/hipnocentro.com\/2020\/abordajes-posibles\/\"]}]},{\"@type\":\"BreadcrumbList\",\"@id\":\"https:\/\/hipnocentro.com\/2020\/abordajes-posibles\/#breadcrumb\",\"itemListElement\":[{\"@type\":\"ListItem\",\"position\":1,\"name\":\"Portada\",\"item\":\"https:\/\/hipnocentro.com\/2020\/\"},{\"@type\":\"ListItem\",\"position\":2,\"name\":\"Abordajes posibles\"}]},{\"@type\":\"WebSite\",\"@id\":\"https:\/\/hipnocentro.com\/2020\/#website\",\"url\":\"https:\/\/hipnocentro.com\/2020\/\",\"name\":\"HIPNOCENTRO\",\"description\":\"Centro de Hipn&oacute;sis Profesional y An&aacute;lisis Transaccional\",\"publisher\":{\"@id\":\"https:\/\/hipnocentro.com\/2020\/#organization\"},\"potentialAction\":[{\"@type\":\"SearchAction\",\"target\":{\"@type\":\"EntryPoint\",\"urlTemplate\":\"https:\/\/hipnocentro.com\/2020\/?s={search_term_string}\"},\"query-input\":\"required name=search_term_string\"}],\"inLanguage\":\"es\"},{\"@type\":\"Organization\",\"@id\":\"https:\/\/hipnocentro.com\/2020\/#organization\",\"name\":\"HIPNOCENTRO\",\"url\":\"https:\/\/hipnocentro.com\/2020\/\",\"logo\":{\"@type\":\"ImageObject\",\"inLanguage\":\"es\",\"@id\":\"https:\/\/hipnocentro.com\/2020\/#\/schema\/logo\/image\/\",\"url\":\"https:\/\/hipnocentro.com\/2020\/wp-content\/uploads\/2022\/10\/Logo-corto-Hipnocentro.jpg\",\"contentUrl\":\"https:\/\/hipnocentro.com\/2020\/wp-content\/uploads\/2022\/10\/Logo-corto-Hipnocentro.jpg\",\"width\":856,\"height\":192,\"caption\":\"HIPNOCENTRO\"},\"image\":{\"@id\":\"https:\/\/hipnocentro.com\/2020\/#\/schema\/logo\/image\/\"}}]}<\/script>\n<!-- \/ Yoast SEO plugin. -->","yoast_head_json":{"title":"Abordajes posibles - HIPNOCENTRO -Adelgazar y Dejar de Fumar","description":"En Hipnocentro utilizamos t\u00e9cnicas efectivas de Hipnosis para Dejar de Fumar y Adelgazar. Seminarios por toda Espa\u00f1a. Reserva tu d\u00eda!!","robots":{"index":"index","follow":"follow","max-snippet":"max-snippet:-1","max-image-preview":"max-image-preview:large","max-video-preview":"max-video-preview:-1"},"canonical":"https:\/\/hipnocentro.com\/2020\/abordajes-posibles\/","og_locale":"es_ES","og_type":"article","og_title":"Abordajes posibles - HIPNOCENTRO -Adelgazar y Dejar de Fumar","og_description":"En Hipnocentro utilizamos t\u00e9cnicas efectivas de Hipnosis para Dejar de Fumar y Adelgazar. Seminarios por toda Espa\u00f1a. Reserva tu d\u00eda!!","og_url":"https:\/\/hipnocentro.com\/2020\/abordajes-posibles\/","og_site_name":"HIPNOCENTRO","article_modified_time":"2022-10-28T07:58:02+00:00","og_image":[{"width":1821,"height":375,"url":"https:\/\/hipnocentro.com\/2020\/wp-content\/uploads\/2022\/10\/logo-HIPNOCENTRO.png","type":"image\/png"}],"twitter_card":"summary_large_image","twitter_misc":{"Tiempo de lectura":"3 minutos"},"schema":{"@context":"https:\/\/schema.org","@graph":[{"@type":"WebPage","@id":"https:\/\/hipnocentro.com\/2020\/abordajes-posibles\/","url":"https:\/\/hipnocentro.com\/2020\/abordajes-posibles\/","name":"Abordajes posibles - HIPNOCENTRO -Adelgazar y Dejar de Fumar","isPartOf":{"@id":"https:\/\/hipnocentro.com\/2020\/#website"},"datePublished":"2020-02-06T12:17:05+00:00","dateModified":"2022-10-28T07:58:02+00:00","description":"En Hipnocentro utilizamos t\u00e9cnicas efectivas de Hipnosis para Dejar de Fumar y Adelgazar. Seminarios por toda Espa\u00f1a. Reserva tu d\u00eda!!","breadcrumb":{"@id":"https:\/\/hipnocentro.com\/2020\/abordajes-posibles\/#breadcrumb"},"inLanguage":"es","potentialAction":[{"@type":"ReadAction","target":["https:\/\/hipnocentro.com\/2020\/abordajes-posibles\/"]}]},{"@type":"BreadcrumbList","@id":"https:\/\/hipnocentro.com\/2020\/abordajes-posibles\/#breadcrumb","itemListElement":[{"@type":"ListItem","position":1,"name":"Portada","item":"https:\/\/hipnocentro.com\/2020\/"},{"@type":"ListItem","position":2,"name":"Abordajes posibles"}]},{"@type":"WebSite","@id":"https:\/\/hipnocentro.com\/2020\/#website","url":"https:\/\/hipnocentro.com\/2020\/","name":"HIPNOCENTRO","description":"Centro de Hipn&oacute;sis Profesional y An&aacute;lisis Transaccional","publisher":{"@id":"https:\/\/hipnocentro.com\/2020\/#organization"},"potentialAction":[{"@type":"SearchAction","target":{"@type":"EntryPoint","urlTemplate":"https:\/\/hipnocentro.com\/2020\/?s={search_term_string}"},"query-input":"required name=search_term_string"}],"inLanguage":"es"},{"@type":"Organization","@id":"https:\/\/hipnocentro.com\/2020\/#organization","name":"HIPNOCENTRO","url":"https:\/\/hipnocentro.com\/2020\/","logo":{"@type":"ImageObject","inLanguage":"es","@id":"https:\/\/hipnocentro.com\/2020\/#\/schema\/logo\/image\/","url":"https:\/\/hipnocentro.com\/2020\/wp-content\/uploads\/2022\/10\/Logo-corto-Hipnocentro.jpg","contentUrl":"https:\/\/hipnocentro.com\/2020\/wp-content\/uploads\/2022\/10\/Logo-corto-Hipnocentro.jpg","width":856,"height":192,"caption":"HIPNOCENTRO"},"image":{"@id":"https:\/\/hipnocentro.com\/2020\/#\/schema\/logo\/image\/"}}]}},"_links":{"self":[{"href":"https:\/\/hipnocentro.com\/2020\/wp-json\/wp\/v2\/pages\/72"}],"collection":[{"href":"https:\/\/hipnocentro.com\/2020\/wp-json\/wp\/v2\/pages"}],"about":[{"href":"https:\/\/hipnocentro.com\/2020\/wp-json\/wp\/v2\/types\/page"}],"author":[{"embeddable":true,"href":"https:\/\/hipnocentro.com\/2020\/wp-json\/wp\/v2\/users\/6"}],"replies":[{"embeddable":true,"href":"https:\/\/hipnocentro.com\/2020\/wp-json\/wp\/v2\/comments?post=72"}],"version-history":[{"count":5,"href":"https:\/\/hipnocentro.com\/2020\/wp-json\/wp\/v2\/pages\/72\/revisions"}],"predecessor-version":[{"id":1251,"href":"https:\/\/hipnocentro.com\/2020\/wp-json\/wp\/v2\/pages\/72\/revisions\/1251"}],"wp:featuredmedia":[{"embeddable":true,"href":"https:\/\/hipnocentro.com\/2020\/wp-json\/wp\/v2\/media\/1257"}],"wp:attachment":[{"href":"https:\/\/hipnocentro.com\/2020\/wp-json\/wp\/v2\/media?parent=72"}],"curies":[{"name":"wp","href":"https:\/\/api.w.org\/{rel}","templated":true}]}}